 is the units digit of 13579?
9
What is the ten thousands digit of 58256?
5
What is the hundreds digit of 156633?
6
What is the units digit of 69759?
9
What is the units digit of 16322?
2
What is the ten thousands digit of 22340?
2
What is the hundred thousands digit of 100059?
1
What is the ten thousands digit of 49831?
4
What is the tens digit of 4251?
5
What is the tens digit of 11164?
6
What is the hundreds digit of 1410?
4
What is the hundreds digit of 1761?
7
What is the hundreds digit of 1133?
1
What is the hundreds digit of 5797?
7
What is the tens digit of 67938?
3
What is the thousands digit of 48420?
8
What is the units digit of 98256?
6
What is the units digit of 1131?
1
What is the units digit of 10201?
1
What is the units digit of 2033?
3
What is the hundreds digit of 686?
6
What is the units digit of 76036?
6
What is the thousands digit of 10309?
0
What is the hundreds digit of 5498?
4
What is the thousands digit of 5215?
5
What is the tens digit of 21391?
9
What is the thousands digit of 2710?
2
What is the units digit of 7563?
3
What is the hundreds digit of 9280?
2
What is the tens digit of 3591?
9
What is the thousands digit of 43790?
3
What is the ten thousands digit of 27284?
2
What is the tens digit of 15365?
6
What is the units digit of 18224?
4
What is the hundreds digit of 73030?
0
What is the tens digit of 13658?
5
What is the hundreds digit of 688?
6
What is the hundreds digit of 193695?
6
What is the thousands digit of 5572?
5
What is the thousands digit of 3626?
3
What is the hundreds digit of 7569?
5
What is the thousands digit of 2226?
2
What is the units digit of 7902?
2
What is the ten thousands digit of 10313?
1
What is the tens digit of 2271?
7
What is the tens digit of 3062?
6
What is the hundreds digit of 153227?
2
What is the units digit of 41242?
2
What is the units digit of 1377?
7
What is the tens digit of 9110?
1
What is the hundreds digit of 659?
6
What is the ten thousands digit of 83073?
8
What is the units digit of 2535?
5
What is the tens digit of 7182?
8
What is the units digit of 128998?
8
What is the hundreds digit of 381?
3
What is the thousands digit of 117118?
7
What is the hundreds digit of 677?
6
What is the units digit of 10073?
3
What is the ten thousands digit of 14292?
1
What is the tens digit of 1668?
6
What is the hundreds digit of 3093?
0
What is the hundreds digit of 25958?
9
What is the thousands digit of 2447?
2
What is the hundreds digit of 15755?
7
What is the units digit of 8604?
4
What is the hundreds digit of 1889?
8
What is the units digit of 240?
0
What is the tens digit of 2128?
2
What is the units digit of 2836?
6
What is the thousands digit of 11789?
1
What is the tens digit of 199?
9
What is the tens digit of 14307?
0
What is the thousands digit of 154763?
4
What is the ten thousands digit of 37342?
3
What is the hundreds digit of 1863?
8
What is the tens digit of 11629?
2
What is the tens digit of 146?
4
What is the thousands digit of 14760?
4
What is the tens digit of 10060?
6
What is the tens digit of 451?
5
What is the hundreds digit of 13338?
3
What is the units digit of 12855?
5
What is the units digit of 20192?
2
What is the hundreds digit of 697?
6
What is the thousands digit of 2476?
2
What is the hundreds digit of 1317?
3
What is the hundreds digit of 1263?
2
What is the ten thousands digit of 130036?
3
What is the thousands digit of 22955?
2
What is the thousands digit of 1088?
1
What is the hundred thousands digit of 179195?
1
What is the hundreds digit of 5953?
9
What is the tens digit of 3164?
6
What is the tens digit of 969?
6
What is the hundreds digit of 968?
9
What is the units digit of 3222?
2
What is the hundreds digit of 18650?
6
What is the tens digit of 462?
6
What is the ten thousands digit of 145968?
4
What is the thousands digit of 13336?
3
What is the units digit of 65872?
2
What is the units digit of 457?
7
What is the tens digit of 45525?
2
What is the hundreds digit of 29489?
4
What is the hundreds digit of 51292?
2
What is the units digit of 5836?
6
What is the hundreds digit of 762?
7
What is the units digit of 1510?
0
What is the units digit of 1192?
2
What is the thousands digit of 1061?
1
What is the units digit of 28497?
7
What is the hundreds digit of 5013?
0
What is the tens digit of 4610?
1
What is the ten thousands digit of 10090?
1
What is the hundreds digit of 776?
7
What is the thousands digit of 7898?
7
What is the tens digit of 20071?
7
What is the tens digit of 23009?
0
What is the ten thousands digit of 187884?
8
What is the thousands digit of 1586?
1
What is the units digit of 5148?
8
What is the units digit of 12928?
8
What is the tens digit of 437?
3
What is the units digit of 2061?
1
What is the tens digit of 2029?
2
What is the units digit of 9474?
4
What is the tens digit of 14474?
7
What is the units digit of 906?
6
What is the ten thousands digit of 94838?
9
What is the tens digit of 619?
1
What is the thousands digit of 2932?
2
What is the units digit of 29075?
5
What is the hundreds digit of 88979?
9
What is the tens digit of 45119?
1
What is the thousands digit of 6134?
6
What is the ten thousands digit of 69368?
6
What is the units digit of 11485?
5
What is the hundreds digit of 51106?
1
What is the tens digit of 64131?
3
What is the units digit of 260?
0
What is the thousands digit of 2803?
2
What is the thousands digit of 1830?
1
What is the ten thousands digit of 14960?
1
What is the thousands digit of 62475?
2
What is the thousands digit of 14690?
4
What is the units digit of 937?
7
What is the units digit of 285?
5
What is the ten thousands digit of 16245?
1
What is the units digit of 270?
0
What is the thousands digit of 21716?
1
What is the hundreds digit of 20962?
9
What is the hundreds digit of 8552?
5
What is the ten thousands digit of 47517?
4
What is the hundreds digit of 3699?
6
What is the units digit of 8460?
0
What is the units digit of 12671?
1
What is the units digit of 689?
9
What is the hundreds digit of 5680?
6
What is the ten thousands digit of 114710?
1
What is the tens digit of 5869?
6
What is the ten thousands digit of 54318?
5
What is the units digit of 3893?
3
What is the tens digit of 2161?
6
What is the ten thousands digit of 172690?
7
What is the tens digit of 2485?
8
What is the thousands digit of 12543?
2
What is the ten thousands digit of 41463?
4
What is the thousands digit of 2046?
2
What is the tens digit of 2325?
2
What is the tens digit of 795?
9
What is the tens digit of 29050?
5
What is the thousands digit of 2357?
2
What is the tens digit of 10817?
1
What is the tens digit of 701?
0
What is the hundreds digit of 33272?
2
What is the thousands digit of 1689?
1
What is the thousands digit of 1094?
1
What is the thousands digit of 21869?
1
What is the tens digit of 145?
4
What is the thousands digit of 1138?
1
What is the tens digit of 1105?
0
What is the units digit of 36866?
6
What is the hundreds digit of 26336?
3
What is the ten thousands digit of 13371?
1
What is the units digit of 51677?
7
What is the thousands digit of 2703?
2
What is the hundreds digit of 9198?
1
What is the units digit of 1001?
1
What is the ten thousands digit of 200924?
0
What is the thousands digit of 1015?
1
What is the units digit of 19488?
8
What is the tens digit of 5761?
6
What is the hundreds digit of 13146?
1
What is the thousands digit of 2278?
2
What is the hundreds digit of 5627?
6
What is the units digit of 755?
5
What is the units digit of 21657?
7
What is the hundreds digit of 1022?
0
What is the thousands digit of 9933?
9
What is the units digit of 63796?
6
What is the units digit of 158710?
0
What is the units digit of 43?
3
What is the units digit of 5342?
2
What is the ten thousands digit of 71235?
7
What is the units digit of 243?
3
What is the units digit of 16365?
5
What is the thousands digit of 49187?
9
What is the units digit of 28330?
0
What is the thousands digit of 2603?
2
What is the tens digit of 12578?
7
What is the hundreds digit of 1543?
5
What is the units digit of 922?
2
What is the thousands digit of 43820?
3
What is the thousands digit of 8575?
8
What is the tens digit of 1641?
4
What is the hundreds digit of 1294?
2
What is the ten thousands digit of 2104